d by 126.
35
Calculate the remainder when 1648 is divided by 61.
1
What is the remainder when 445776 is divided by 235?
216
Calculate the remainder when 321869 is divided by 107285.
14
Calculate the remainder when 44198 is divided by 94.
18
Calculate the remainder when 61998 is divided by 8852.
34
What is the remainder when 118451 is divided by 1974?
11
What is the remainder when 68368 is divided by 11391?
22
What is the remainder when 1680 is divided by 151?
19
Calculate the remainder when 1254 is divided by 373.
135
What is the remainder when 164866 is divided by 1186?
12
What is the remainder when 132606 is divided by 128?
126
Calculate the remainder when 797 is divided by 17.
15
Calculate the remainder when 33430 is divided by 599.
485
What is the remainder when 124828 is divided by 43?
42
Calculate the remainder when 14938 is divided by 4976.
10
What is the remainder when 1218 is divided by 140?
98
Calculate the remainder when 7565 is divided by 41.
21
Calculate the remainder when 72447 is divided by 98.
25
Calculate the remainder when 1265094 is divided by 1148.
1146
Calculate the remainder when 2226 is divided by 608.
402
What is the remainder when 732805 is divided by 278?
275
Calculate the remainder when 1173 is divided by 1082.
91
What is the remainder when 1868 is divided by 400?
268
Calculate the remainder when 26835 is divided by 213.
210
What is the remainder when 19384 is divided by 404?
396
What is the remainder when 1466553 is divided by 237?
234
What is the remainder when 4062863 is divided by 408?
407
What is the remainder when 17669 is divided by 15?
14
What is the remainder when 2643 is divided by 2635?
8
Calculate the remainder when 4762419 is divided by 260.
259
What is the remainder when 21483 is divided by 10472?
539
What is the remainder when 376088 is divided by 17?
14
What is the remainder when 50877 is divided by 10167?
42
Calculate the remainder when 21677 is divided by 1281.
1181
What is the remainder when 3345 is divided by 664?
25
Calculate the remainder when 62621 is divided by 146.
133
Calculate the remainder when 213216 is divided by 106599.
18
Calculate the remainder when 248505 is divided by 62126.
1
What is the remainder when 38078 is divided by 14?
12
What is the remainder when 62893 is divided by 13?
12
What is the remainder when 80654 is divided by 24?
14
Calculate the remainder when 86622 is divided by 28873.
3
Calculate the remainder when 21275 is divided by 108.
107
What is the remainder when 4333 is divided by 692?
181
What is the remainder when 9348 is divided by 1842?
138
What is the remainder when 1597 is divided by 768?
61
Calculate the remainder when 53791 is divided by 13.
10
What is the remainder when 28781 is divided by 64?
45
Calculate the remainder when 140589 is divided by 307.
290
Calculate the remainder when 4720731 is divided by 1597.
1596
What is the remainder when 19945 is divided by 95?
90
Calculate the remainder when 22942 is divided by 112.
94
What is the remainder when 2987 is divided by 756?
719
Calculate the remainder when 1670 is divided by 333.
5
What is the remainder when 2404 is divided by 1191?
22
What is the remainder when 3584 is divided by 48?
32
Calculate the remainder when 34015 is divided by 210.
205
What is the remainder when 9036 is divided by 602?
6
Calculate the remainder when 593812 is divided by 595.
2
What is the remainder when 5169 is divided by 150?
69
Calculate the remainder when 29825 is divided by 14910.
5
What is the remainder when 4588 is divided by 2285?
18
What is the remainder when 13578 is divided by 1707?
1629
What is the remainder when 9027 is divided by 31?
6
Calculate the remainder when 1651 is divided by 48.
19
Calculate the remainder when 27480 is divided by 357.
348
What is the remainder when 7608 is divided by 2480?
168
Calculate the remainder when 991 is divided by 16.
15
What is the remainder when 4404 is divided by 1072?
116
What is the remainder when 12439 is divided by 23?
19
What is the remainder when 167693 is divided by 258?
251
Calculate the remainder when 12771 is divided by 60.
51
What is the remainder when 18746 is divided by 172?
170
Calculate the remainder when 212973 is divided by 216.
213
Calculate the remainder when 3283 is divided by 534.
79
Calculate the remainder when 34451 is divided by 261.
260
What is the remainder when 105807 is divided by 30?
27
What is the remainder when 16739 is divided by 3287?
304
What is the remainder when 1578 is divided by 10?
8
What is the remainder when 62552 is divided by 31264?
24
Calculate the remainder when 53636 is divided by 163.
9
Calculate the remainder when 27380 is divided by 49.
38
What is the remainder when 24277 is divided by 4854?
7
What is the remainder when 6523 is divided by 1288?
83
What is the remainder when 24588 is divided by 59?
44
What is the remainder when 91475 is divided by 3808?
83
Calculate the remainder when 338885 is divided by 74.
39
What is the remainder when 353812 is divided by 7?
4
Calculate the remainder when 22856 is divided by 20.
16
What is the remainder when 3296 is divided by 1648?
0
What is the remainder when 663854 is divided by 796?
786
Calculate the remainder when 31826 is divided by 5300.
26
Calculate the remainder when 180968 is divided by 30159.
14
What is the remainder when 16058 is divided by 55?
53
Calculate the remainder when 23945 is divided by 4.
1
Calculate the remainder when 5864 is divided by 140.
124
Calculate the remainder when 302176 is divided by 302174.
2
Calculate the remainder when 102010 is divided by 513.
436
Calculate the remainder when 1906289 is divided by 724.
721
Calculate the remainder when 1460 is divided by 728.
4
Calculate the remainder when 3016 is divided by 676.
312
Calculate the remainder when 110250 is divided by 102.
90
Calculate the remainder when 17613 is divided by 879.
33
Calculate the remainder when 1532 is divided by 616.
300
What is the remainder when 2496 is divided by 222?
54
What is the remainder when 3435 is divided by 129?
81
Calculate the remainder when 740 is divided by 411.
329
What is the remainder when 73484 is divided by 25?
9
Calculate the remainder when 2776 is divided by 582.
448
Calculate the remainder when 9812 is divided by 28.
12
Calculate the remainder when 58073 is divided by 323.
256
What is the remainder when 1867 is divided by 1028?
839
Calculate the remainder when 357312 is divided by 178645.
22
Calculate the remainder when 31023 is divided by 14.
13
What is the remainder when 124497 is divided by 132?
21
Calculate the remainder when 29828 is divided by 44.
40
What is the remainder when 42868 is divided by 21427?
14
Calculate the remainder when 138433 is divided by 4.
1
What is the remainder when 4000 is divided by 51?
22
Calculate the remainder when 107520 is divided by 632.
80
Calculate the remainder when 3481 is divided by 695.
6
Calculate the remainder when 6196362 is divided by 83.
80
What is the remainder when 12199 is divided by 348?
19
Calculate the remainder when 6015147 is divided by 9.
6
Calculate the remainder when 272557 is divided by 38933.
26
Calculate the remainder when 52543 is divided by 86.
83
Calculate the remainder when 195159 is divided by 68.
67
Calculate the remainder when 6030 is divided by 317.
7
Calculate the remainder when 11555 is divided by 196.
187
What is the remainder when 25378 is divided by 91?
80
What is the remainder when 9177 is divided by 2262?
129
Calculate the remainder when 943 is divided by 875.
68
Calculate the remainder when 134852 is divided by 507.
497
What is the remainder when 1607 is divided by 617?
373
Calculate the remainder when 35828 is divided by 491.
476
Calculate the remainder when 9580 is divided by 47.
39
What is the remainder when 6992 is divided by 6395?
597
What is the remainder when 728 is divided by 74?
62
Calculate the remainder when 35922 is divided by 51.
18
Calculate the remainder when 46303 is divided by 1714.
25
What is the remainder when 1830375 is divided by 446?
437
What is the remainder when 9337 is divided by 253?
229
Calculate the remainder when 207758 is divided by 289.
256
Calculate the remainder when 1808 is divided by 1791.
17
What is the remainder when 1956421 is divided by 611?
610
What is the r